True
Does 243 divide 1155222?
True
Is 13 a factor of 62407?
False
Is 1726234 a multiple of 1465?
False
Is 7 a factor of 552055?
True
Is 997075 a multiple of 25?
True
Does 38 divide 58603?
False
Does 124 divide 131564?
True
Is 175 a factor of 9100?
True
Is 319116 a multiple of 406?
True
Is 260700 a multiple of 110?
True
Is 18 a factor of 299988?
True
Is 791040 a multiple of 960?
True
Does 178 divide 13977647?
False
Is 37 a factor of 1715135?
True
Is 162 a factor of 87630?
False
Is 532 a factor of 7645372?
True
Is 25 a factor of 920550?
True
Is 912071 a multiple of 67?
True
Does 16 divide 21210687?
False
Is 13282 a multiple of 229?
True
Is 55 a factor of 8232916?
False
Does 6 divide 233178?
True
Is 409 a factor of 1511255?
True
Is 298133 a multiple of 12?
False
Does 347 divide 866459?
True
Is 4276359 a multiple of 11?
False
Does 173 divide 8650?
True
Is 29 a factor of 262363?
True
Does 149 divide 129437?
False
Is 5 a factor of 1126725?
True
Is 234581 a multiple of 170?
False
Does 221 divide 90097?
False
Is 1292616 a multiple of 13?
True
Is 48510 a multiple of 5?
True
Does 39 divide 1220778?
True
Is 91160 a multiple of 106?
True
Is 16 a factor of 678112?
True
Is 9 a factor of 19530?
True
Does 5 divide 47630?
True
Does 29 divide 1499764?
True
Does 23 divide 487393?
True
Is 17 a factor of 17721?
False
Does 214 divide 817456?
False
Is 298 a factor of 42316?
True
Is 24648 a multiple of 236?
False
Is 2125651 a multiple of 20?
False
Does 15 divide 4188855?
True
Is 44283 a multiple of 84?
False
Is 8 a factor of 14284?
False
Is 2428757 a multiple of 21?
False
Is 116427 a multiple of 146?
False
Does 387 divide 4536801?
True
Does 15 divide 10001669?
False
Is 30100 a multiple of 43?
True
Is 5 a factor of 691383?
False
Is 9 a factor of 1383721?
False
Is 2374020 a multiple of 363?
True
Is 1347113 a multiple of 62?
False
Is 54 a factor of 1177927?
False
Is 6894600 a multiple of 20?
True
Is 1220616 a multiple of 63?
False
Does 389 divide 3053650?
True
Is 250340 a multiple of 20?
True
Does 189 divide 633528?
True
Does 790 divide 280459?
False
Is 3 a factor of 1062249?
True
Does 13 divide 215197?
False
Does 9 divide 3002733?
True
Is 1181316 a multiple of 22?
False
Is 258764 a multiple of 11?
True
Is 10 a factor of 21357?
False
Is 4456200 a multiple of 70?
True
Is 81 a factor of 1569699?
True
Is 23667 a multiple of 21?
True
Is 681935 a multiple of 19?
False
Is 30 a factor of 26280?
True
Does 7 divide 80458?
True
Is 101 a factor of 4542050?
False
Is 39 a factor of 14508?
True
Does 42 divide 154851?
False
Is 17 a factor of 75805?
False
Is 7358424 a multiple of 2386?
True
Is 63396 even?
True
Is 20 a factor of 4137?
False
Does 317 divide 3735845?
True
Does 159 divide 421242?
False
Is 23365593 a multiple of 53?
False
Is 227 a factor of 1756008?
False
Is 4 a factor of 2117470?
False
Is 5336368 a multiple of 68?
True
Is 69 a factor of 10278447?
True
Does 38 divide 17597800?
True
Is 567 a factor of 6475761?
False
Is 119 a factor of 549312?
False
Does 178 divide 281240?
True
Does 84 divide 1905906?
False
Does 320 divide 438080?
True
Does 7 divide 53524?
False
Is 12 a factor of 19812?
True
Does 14 divide 57653?
False
Is 3 a factor of 15095?
False
Is 12451922 a multiple of 17?
True
Is 64 a factor of 73544?
False
Is 178 a factor of 143523?
False
Is 121 a factor of 126687?
True
Is 18 a factor of 2292768?
True
Does 587 divide 4235205?
True
Is 61 a factor of 214805?
False
Does 8 divide 22912?
True
Is 79 a factor of 1592877?
True
Is 24712 a multiple of 4?
True
Is 16549360 a multiple of 74?
True
Does 150 divide 1478100?
True
Is 56 a factor of 233240?
True
Is 827 a factor of 1878871?
False
Is 219405 a multiple of 15?
True
Is 148 a factor of 1991330?
False
Is 25 a factor of 20125?
True
Is 1558356 a multiple of 6?
True
Is 3835194 a multiple of 28?
False
Is 2468470 a multiple of 10?
True
Is 6 a factor of 225314?
False
Is 1804587 a multiple of 128?
False
Is 27 a factor of 22153?
False
Is 16 a factor of 1866837?
False
Does 1214 divide 269564?
False
Does 14 divide 181818?
True
Is 656369 a multiple of 287?
True
Does 159 divide 106848?
True
Does 237 divide 6868?
False
Does 43 divide 293733?
True
Does 52 divide 6043752?
True
Is 9 a factor of 125939?
False
Does 16 divide 2125056?
True
Is 533 a factor of 1002040?
True
Does 274 divide 492652?
True
Is 105 a factor of 1520169?
False
Does 713 divide 2852713?
True
Is 14 a factor of 315851?
False
Is 391510 a multiple of 5?
True
Does 148 divide 123136?
True
Is 11326175 a multiple of 61?
True
Does 20 divide 2404160?
True
Is 364455 a multiple of 445?
True
Is 23 a factor of 358662?
True
Is 15456262 a multiple of 841?
False
Does 19 divide 228551?
True
Is 51 a factor of 124185?
True
Is 537850 a multiple of 7?
False
Does 24 divide 84552?
True
Is 34608 a multiple of 14?
True
Is 14 a factor of 10891498?
False
Is 21828598 a multiple of 103?
False
Is 8 a factor of 78131?
False
Is 82 a factor of 39050?
False
Is 261 a factor of 1322487?
True
Is 941919 a multiple of 51?
True
Is 3347120 a multiple of 35?
True
Does 24 divide 2130408?
True
Does 11 divide 606935?
False
Is 135840 a multiple of 16?
True
Is 312160 a multiple of 160?
True
Is 12 a factor of 1422138?
False
Is 24 a factor of 11890320?
True
Is 1599 a factor of 3660111?
True
Does 105 divide 114450?
True
Does 1127 divide 6190143?
False
Does 178 divide 1761844?
True
Is 79 a factor of 45267?
True
Is 4920 a multiple of 98?
False
Is 7115703 a multiple of 2475?
False
Does 353 divide 198205?
False
Is 53 a factor of 10282?
True
Does 7 divide 197659?
True
Is 935804 a multiple of 19?
False
Does 24 divide 8520?
True
Is 194876 a multiple of 103?
True
Is 63 a factor of 3481002?
True
Is 2588976 a multiple of 312?
True
Does 76 divide 2136999?
False
Does 209 divide 1547227?
True
Does 365 divide 2374325?
True
Is 108478 a multiple of 12?
False
Is 149 a factor of 74980?
False
Does 1261 divide 6925412?
True
Is 793800 a multiple of 294?
True
Is 30 a factor of 39300?
True
Does 172 divide 12084188?
False
Is 51345 a multiple of 163?
True
Does 847 divide 15103382?
False
Is 33 a factor of 11420013?
True
Is 228036 a multiple of 372?
True
Is 2953 a multiple of 6?
False
Does 109 divide 422484?
True
Is 119 a factor of 2988804?
True
Is 20 a factor of 2377879?
False
Is 262952 a multiple of 291?
False
Does 7 divide 7008?
False
Is 496 a factor of 26288?
True
Is 224 a factor of 570702?
False
Is 68 a factor of 860570?
False
Does 144 divide 1435248?
True
Is 720 a factor of 11611458?
False
Is 23 a factor of 213279?
True
Does 7 divide 538272?
True
Is 52000 a multiple of 244?
False
Is 3993549 a multiple of 49?
True
Is 58 a factor of 233084?
False
Is 93 a factor of 946020?
False
Does 33 divide 15376749?
False
Is 673 a factor of 30096560?
True
Does 14 divide 160053?
False
Is 182528 a multiple of 256?
True
Is 196040 a multiple of 24?
False
Is 311 a factor of 135907?
True
Is 38 a factor of 154095?
False
Does 18 divide 41640?
False
Is 987551 a multiple of 576?
False
Is 530342 a multiple of 58?
False
Is 66614 a multiple of 19?
True
Is 26 a factor of 3243656?
True
Is 13 a factor of 18020409?
False
Is 13 a factor of 1228175?
True
Does 401 divide 275721?
False
Is 14 a factor of 1398698?
True
Is 57 a factor of 817893?
True
Is 670 a factor of 299125?
False
Does 80 divide 8203120?
True
Is 32 a factor of 3021629?
False
Is 313 a factor of 1143389?
True
Does 28 divide 4209818?
False
Does 10 divide 477020?
True
Does 162 divide 260820?
True
Does 16 divide 25872?
True
Does 24 divide 1276368?
True
Is 779057 a multiple of 14?
False
Is 161280 a multiple of 140?
True
Is 2228655 a multiple of 165?
True
Is 746664 a multiple of 10?
False
Is 84 a factor of 94836?
True
Does 50 divide 461700?
True
Is 22 a factor of 3774761?
False
Is 5807850 a multiple of 465?
True
Does 48 divide 126693?
False
Is 64904 a multiple of 28?
True
Is 426000 a multiple of 150?
True
Is 1132584 a multiple of 12?
True
Is 435 a factor of 129630?
True
Is 3777316 a multiple of 16?
False
Is 154 a factor of 4719972?
False
Is 565 a factor of 2419330?
True
Is 3 a factor of 13263?
True
Is 192840 a multiple of 30?
True
Does 273 divide 50514?
False
Is 104808 a multiple of 6?
True
Does 13 divide 7231302?
True
Does 57 divide 35886?
False
Is 76 a factor of 201780?
True
Does 61 divide 5750419?
False
Is 69 a fac